 of 1260?
0
What is the units digit of 20700?
0
What is the hundreds digit of 259?
2
What is the tens digit of 5516?
1
What is the units digit of 8796?
6
What is the tens digit of 22819?
1
What is the hundreds digit of 42143?
1
What is the thousands digit of 77107?
7
What is the tens digit of 859?
5
What is the thousands digit of 27585?
7
What is the hundreds digit of 45854?
8
What is the tens digit of 87977?
7
What is the ten thousands digit of 70069?
7
What is the units digit of 2308?
8
What is the tens digit of 1731?
3
What is the tens digit of 4533?
3
What is the hundreds digit of 2177?
1
What is the thousands digit of 3507?
3
What is the units digit of 2699?
9
What is the thousands digit of 1005?
1
What is the tens digit of 926?
2
What is the hundreds digit of 4546?
5
What is the tens digit of 20418?
1
What is the ten thousands digit of 107092?
0
What is the hundreds digit of 1332?
3
What is the thousands digit of 30800?
0
What is the tens digit of 25213?
1
What is the thousands digit of 10769?
0
What is the thousands digit of 12634?
2
What is the thousands digit of 21880?
1
What is the hundreds digit of 133?
1
What is the tens digit of 5732?
3
What is the tens digit of 55663?
6
What is the units digit of 308?
8
What is the tens digit of 10696?
9
What is the hundreds digit of 85028?
0
What is the hundreds digit of 1282?
2
What is the units digit of 1870?
0
What is the tens digit of 351?
5
What is the thousands digit of 51836?
1
What is the hundreds digit of 92587?
5
What is the tens digit of 4435?
3
What is the thousands digit of 1415?
1
What is the tens digit of 18302?
0
What is the units digit of 39652?
2
What is the tens digit of 19834?
3
What is the tens digit of 120?
2
What is the ten thousands digit of 34698?
3
What is the hundreds digit of 521?
5
What is the tens digit of 26663?
6
What is the units digit of 14433?
3
What is the ten thousands digit of 37928?
3
What is the tens digit of 101?
0
What is the ten thousands digit of 196732?
9
What is the tens digit of 178?
7
What is the thousands digit of 2619?
2
What is the tens digit of 425?
2
What is the ten thousands digit of 43012?
4
What is the units digit of 1894?
4
What is the tens digit of 1591?
9
What is the hundreds digit of 57717?
7
What is the thousands digit of 8046?
8
What is the tens digit of 6839?
3
What is the tens digit of 1179?
7
What is the thousands digit of 40037?
0
What is the units digit of 5572?
2
What is the ten thousands digit of 166609?
6
What is the ten thousands digit of 47086?
4
What is the tens digit of 1205?
0
What is the units digit of 44505?
5
What is the units digit of 2464?
4
What is the units digit of 786?
6
What is the ten thousands digit of 10949?
1
What is the units digit of 6094?
4
What is the thousands digit of 5167?
5
What is the ten thousands digit of 80619?
8
What is the units digit of 73363?
3
What is the tens digit of 3012?
1
What is the tens digit of 804?
0
What is the units digit of 2534?
4
What is the units digit of 2607?
7
What is the tens digit of 4347?
4
What is the thousands digit of 10159?
0
What is the thousands digit of 108036?
8
What is the hundreds digit of 11828?
8
What is the hundreds digit of 648?
6
What is the tens digit of 28616?
1
What is the tens digit of 2196?
9
What is the thousands digit of 29755?
9
What is the hundreds digit of 4947?
9
What is the tens digit of 884?
8
What is the tens digit of 746?
4
What is the tens digit of 841?
4
What is the hundreds digit of 20100?
1
What is the units digit of 2198?
8
What is the units digit of 745?
5
What is the ten thousands digit of 165494?
6
What is the units digit of 828?
8
What is the thousands digit of 4896?
4
What is the tens digit of 237?
3
What is the thousands digit of 49263?
9
What is the units digit of 375?
5
What is the tens digit of 28545?
4
What is the units digit of 10578?
8
What is the ten thousands digit of 15457?
1
What is the units digit of 29013?
3
What is the units digit of 9964?
4
What is the ten thousands digit of 38496?
3
What is the ten thousands digit of 24643?
2
What is the ten thousands digit of 11871?
1
What is the thousands digit of 8652?
8
What is the tens digit of 1206?
0
What is the hundreds digit of 523?
5
What is the thousands digit of 19811?
9
What is the hundreds digit of 1189?
1
What is the hundreds digit of 840?
8
What is the units digit of 848?
8
What is the tens digit of 3620?
2
What is the units digit of 17194?
4
What is the ten thousands digit of 14903?
1
What is the hundreds digit of 2653?
6
What is the hundreds digit of 41102?
1
What is the units digit of 10338?
8
What is the hundreds digit of 1973?
9
What is the tens digit of 6594?
9
What is the tens digit of 86736?
3
What is the units digit of 3192?
2
What is the hundreds digit of 4811?
8
What is the thousands digit of 74362?
4
What is the thousands digit of 2890?
2
What is the units digit of 5464?
4
What is the thousands digit of 2719?
2
What is the units digit of 31559?
9
What is the thousands digit of 2387?
2
What is the tens digit of 2943?
4
What is the units digit of 16128?
8
What is the thousands digit of 6320?
6
What is the units digit of 3942?
2
What is the ten thousands digit of 71266?
7
What is the tens digit of 112977?
7
What is the thousands digit of 5213?
5
What is the thousands digit of 2593?
2
What is the hundreds digit of 377?
3
What is the hundreds digit of 1905?
9
What is the hundreds digit of 10693?
6
What is the thousands digit of 1284?
1
What is the thousands digit of 3103?
3
What is the hundreds digit of 5476?
4
What is the units digit of 1234?
4
What is the tens digit of 398?
9
What is the thousands digit of 10398?
0
What is the thousands digit of 2024?
2
What is the thousands digit of 1905?
1
What is the hundreds digit of 10719?
7
What is the hundreds digit of 32969?
9
What is the tens digit of 1025?
2
What is the hundreds digit of 17839?
8
What is the units digit of 469?
9
What is the units digit of 13240?
0
What is the units digit of 3532?
2
What is the tens digit of 1205?
0
What is the hundreds digit of 5369?
3
What is the hundreds digit of 56915?
9
What is the hundreds digit of 1581?
5
What is the hundreds digit of 1260?
2
What is the units digit of 1637?
7
What is the ten thousands digit of 46994?
4
What is the units digit of 620?
0
What is the thousands digit of 12275?
2
What is the hundreds digit of 2019?
0
What is the units digit of 70629?
9
What is the hundreds digit of 19175?
1
What is the hundreds digit of 6946?
9
What is the units digit of 80408?
8
What is the units digit of 14555?
5
What is the hundreds digit of 5374?
3
What is the tens digit of 6189?
8
What is the hundreds digit of 10937?
9
What is the tens digit of 806?
0
What is the thousands digit of 1242?
1
What is the thousands digit of 13058?
3
What is the ten thousands digit of 47594?
4
What is the thousands digit of 39168?
9
What is the hundreds digit of 32078?
0
What is the units digit of 1043?
3
What is the units digit of 48242?
2
What is the units digit of 17235?
5
What is the tens digit of 84410?
1
What is the thousands digit of 8765?
8
What is the units digit of 114969?
9
What is the units digit of 1446?
6
What is the units digit of 184?
4
What is the units digit of 7029?
9
What is the hundreds digit of 3929?
9
What is the tens digit of 82675?
7
What is the tens digit of 29239?
3
What is the thousands digit of 4629?
4
What is the hundreds digit of 56125?
1
What is the thousands digit of 1626?
1
What is the tens digit of 96?
9
What is the thousands digit of 5294?
5
What is the ten thousands digit of 26061?
2
What is the ten thousands digit of 29689?
2
What is the hundreds digit of 1513?
5
What is the tens digit of 110?
1
What is the hundreds digit of 956?
9
What is the hundreds digit of 2108?
1
What is the hundreds digit of 285?
2
What is the units digit of 11849?
9
What is the thousands digit of 41844?
1
What is the ten thousands digit of 11638?
1
What is the thousands digit of 127565?
7
What is the tens digit of 1185?
8
What is the tens digit of 31390?
9
What is the hundreds digit of 1156?
1
What is the ten thousands digit of 15032?
1
What is the units digit of 727?
7
What is the units digit of 438?
8
What is the hundreds digit of 875?
8
What is the ten thousands digit of 1292